 - 3*a - 1. Let r(s) = -5*k(s) - 4*x(s). What is the remainder when o is divided by r(-5)?
6
Suppose 5*c - 91 = -5*k + k, -44 = -k + 3*c. What is the remainder when k is divided by 15?
14
Let p(i) = i**3 - 11*i**2 + 4*i - 11. What is the remainder when 65 is divided by p(11)?
32
What is the remainder when 11 is divided by (-52)/(-8) - (-2)/(-4)?
5
Suppose -b + d - 5 = -4*b, -5*d = 20. Suppose -b*v + 4 = -2. What is the remainder when 5 is divided by v?
1
Let h(x) = 3*x**2 + x - 1. Let q be h(1). Suppose -4*g + 102 = -2*g. Calculate the remainder when 28 is divided by -2*1 + g/q.
13
Let v = 27 - 17. Let s be -2 + (2 - 0) - -18. Calculate the remainder when (-2)/(-9) - (-518)/s is divided by v.
9
Let x(q) = -q**3 + 2*q**2 + q - 1. Let p(y) = -y. Let j be p(-2). Let w be x(j). Let d = 6 - w. What is the remainder when d is divided by 2?
1
Let z(s) = -s - 3 + 5 + 6*s + s**2. What is the remainder when z(-5) is divided by 1?
0
Let l = -19 + 17. Let g(j) = -3*j. Calculate the remainder when 15 is divided by g(l).
3
Let r(i) = 3*i**3 + 4*i**2 + 3*i - 5. Calculate the remainder when r(3) is divided by 25.
21
Let q = 21 - 12. Calculate the remainder when 2*-1 + -7 + 44 is divided by q.
8
Let n(p) = -p + 4. Let k be n(-10). Let s = k - 1. What is the remainder when 25 is divided by s?
12
Calculate the remainder when 28 + 6/9*-3 is divided by 9.
8
Let m be 6/4 + (-3)/(-6). Let x(c) = 2 + c**m + 6 - 7. What is the remainder when x(-3) is divided by 4?
2
Let t = 12 - -20. Calculate the remainder when t is divided by 6.
2
Suppose 3*r + 68 = n + 4*n, -r = 1. Calculate the remainder when n is divided by 10.
3
Let p = 4 + 27. What is the remainder when p is divided by 11?
9
Let b(d) = 15*d - 4. What is the remainder when 64 is divided by b(1)?
9
Suppose -90 = -3*v - 2*v. Let z be 4/v - 2/9. What is the remainder when 26 is divided by z - 2 - 0 - -11?
8
Suppose 14 = 2*y - 0*y. Let b = y + 3. Calculate the remainder when 39 is divided by b.
9
Let y be 0 + (4 + 1 - 1). Suppose 3*q + 10 = -y*m, -2*q - 2*m = -m + 10. Let j = q - -28. What is the remainder when j is divided by 8?
6
Suppose 0 = -3*i + 9, -t - 6*i + 18 = -2*i. Let o be (-15)/t + 1/2. Calculate the remainder when 4/o + 2 - -31 is divided by 11.
9
Suppose -4*u = -119 - 33. Calculate the remainder when 188 is divided by u.
36
Suppose 14 = x - 3*f, x + x = -f + 14. Let v = -56 - -82. What is the remainder when v is divided by -1 + 0 + x + 2?
8
Suppose -2*a - 5*n - 3 = 0, -2*n - 6 = -0*n. Suppose 5*w + 12 = -4*y, 5*y = -w + 4*w - 52. Let h = y + 12. Calculate the remainder when a is divided by h.
2
Suppose -5*j - 4 = -3*b, 2*b + 5*j = 25 + 11. Calculate the remainder when 31 is divided by b.
7
Calculate the remainder when (2 + -4 - -2) + -3 + 6 is divided by (-6 - 0)/(3 + -5).
0
Let j(m) = m**3 - 4*m**2 - 3*m + 3. Let c = 15 + 10. Calculate the remainder when (60/c)/(3/45) is divided by j(5).
10
Suppose d = 3 - 0. What is the remainder when d is divided by 2?
1
Suppose 0 = -w - 7. Let k = w + 4. Let t(n) = 4*n**2 - 2*n - 2. What is the remainder when t(k) is divided by 14?
12
Suppose b - 2 = 8. Let w = 6 - 2. What is the remainder when b is divided by w?
2
Let l(y) = y**2 - 6*y + 2. Let p be l(7). Let c = p + -9. Suppose c*x + 3*x - 177 = 0. What is the remainder when x is divided by 20?
19
Let k(t) = -t**3 + 7*t**2 - 6*t - 1. Let f(y) = -y**3 - 8*y**2 + 7. Calculate the remainder when k(5) is divided by f(-8).
5
Suppose -5*m + 11 = 1. Let h(o) = -o + 13. Calculate the remainder when h(7) is divided by m.
0
Suppose 0 = 4*m - 5*z + 46, 3*m + 23 = -2*z - 0*z. Calculate the remainder when 20 is divided by (-42)/4*6/m.
6
Suppose 0 = -5*f - 3*n + 145, 0 = 5*n + 12 - 37. Let p(t) = -3*t - 37. Calculate the remainder when f is divided by p(-17).
12
Let o(r) = -r**3 + 4*r**2 + 6*r - 5. Let g be o(5). Let i be -6 + g + (2 - 2). Let k = i - -17. What is the remainder when 21 is divided by k?
10
Let j(y) = -y**2 + 18*y - 15. Let t be j(7). Let a = t - 31. Calculate the remainder when a is divided by ((-8)/(-3))/((-1)/(-3)).
7
Let a(b) = b**2 - 2. Let x be a(-2). Suppose -r + 1 = x. Let k(q) = -31*q - 1. Calculate the remainder when k(r) is divided by 8.
6
Suppose d + 3*x - 11 = 0, 3 = -d - x + 5*x. Suppose 2*t - 3*s + 1 - 7 = 0, d*t - 3*s - 24 = 0. Calculate the remainder when 29 is divided by t.
5
Let d = -14 + 19. Calculate the remainder when 19 is divided by d.
4
Let w = 14 - 1. Let l = 23 - w. What is the remainder when 19 is divided by l?
9
Let t = 24 - -6. Calculate the remainder when t is divided by (11/3)/(2/6).
8
Suppose 2*z - q = -4, 2 - 6 = 3*z - q. Suppose -5*b = 3*f - 60, 4*b - 3*f - 9 - 12 = z. Calculate the remainder when 26 is divided by b.
8
Suppose -3*m - 174 = -6*v + v, -3*v + 114 = -5*m. Calculate the remainder when 127 is divided by v.
28
Suppose 3*l - 99 = -0*l. Suppose 0 = 3*f - 69 - l. Suppose 3*b = -2*n + f + 9, 10 = 5*n. What is the remainder when 24 is divided by b?
11
Suppose -3*v = -8*v + 5*h + 90, -3*v + 60 = -5*h. Suppose 0*c + 3*c = 66. Let x = c - v. Calculate the remainder when x is divided by 5.
2
Suppose y + 120 = 4*y. What is the remainder when y is divided by 2/3 - 160/(-12)?
12
Let o be (1/1)/((-4)/(-236)). Suppose -u + o = u + 5*p, 0 = -p + 5. What is the remainder when ((-64)/(-10))/((-1)/(-5)) is divided by u?
15
Let t(s) = -7 - 2 + s - s**2 + 5*s + s. Let o be t(6). Let h(r) = 2*r**2 + 4*r - 1. Calculate the remainder when 19 is divided by h(o).
4
Let a = 13 + -1. What is the remainder when 34 is divided by a?
10
Let d(b) = -23*b - 1. Let y be d(-7). Suppose -w - y = -4*j, -4*j = -5*w + 82 - 258. What is the remainder when j is divided by 21?
18
Let i(h) = h + 19. What is the remainder when 93 is divided by i(0)?
17
Let l = 7 + -6. Calculate the remainder when 9 is divided by 6/l + -2 - -1.
4
Let p(k) = k**2 + 1. Calculate the remainder when (-10 + 0 - -2)/(-1) is divided by p(-2).
3
Let h(a) = a**3 - 5*a**2 + 6. Calculate the remainder when 22 is divided by h(5).
4
Suppose -4*b - 67 = -p - 2*b, -5*p = -4*b - 317. Calculate the remainder when p is divided by 21.
19
Let c = -88 - -134. What is the remainder when c is divided by 16?
14
Suppose 0 = 3*l - 5*r + 4*r - 28, -5*l + 5*r = -60. What is the remainder when (-26)/5*(-13 + l) is divided by 14?
12
Suppose -12*y = -37 - 119. Suppose 0 = 2*k + 3*k - 250. Calculate the remainder when k is divided by y.
11
Suppose h + 33 = 2. Let x = -18 - h. Let r = x + -8. Calculate the remainder when r is divided by 3.
2
Calculate the remainder when -6 + 1 + 5 + 91 is divided by 24.
19
Let i = 36 - 25. Let b(g) = g**3 + g**2 - g + 40. Let f be b(0). Let j = f - 8. What is the remainder when j is divided by i?
10
Suppose k - 3*x - 48 = -0*k, x = k - 50. What is the remainder when k is divided by 14?
9
Let r(y) be the second derivative of y**4/12 + y**3/3 + 3*y**2/2 - y. Calculate the remainder when 30 is divided by r(-4).
8
Suppose 0 = -2*i - 3*i - 10. Let a be i + (-7)/(7/(-10)). Let l = 0 + a. What is the remainder when 15 is divided by l?
7
Suppose -5*i + 4*j = -135, 5*i - j = 116 + 19. Calculate the remainder when 107 is divided by i.
26
Suppose -5*z + 75 = 20. Calculate the remainder when 63 is divided by z.
8
Suppose 3*o - 67 = -c, -4*c + 4 = -2*o + 3*o. What is the remainder when 70 is divided by o?
22
Let v = 9 + -1. Suppose 5*i - 14 = -0*i - t, -2*i = t - v. Calculate the remainder when (-6)/(-3) - 0 - 0 is divided by i.
0
Suppose 0*r - 4 = -r. Calculate the remainder when 5 is divided by r.
1
Suppose -3*w + 80 = 2*w. Suppose 5*z = 253 - 13. What is the remainder when w is divided by (z/28)/((-2)/(-7))?
4
Let s = -718 + 743. Suppose 4*q + z = 53, 3*z - z + 20 = q. What is the remainder when s is divided by q?
11
Let x(q) be the second derivative of -q**4/12 + 17*q**2/2 + q. Let n be x(0). Suppose 2*t + n = 61. What is the remainder when t is divided by 8?
6
Let i be -63 - 1 - (2 + -2). Let x = i - -125. Suppose -4*p + 68 = 4*w, 5*p + w - 8 - x = 0. Calculate the remainder when p is divided by 7.
6
Calculate the remainder when 8 is divided by -1 + 1/(2/12).
3
Suppose 0 = 2*c + 3*q - 41, 0 = c - 7*q + 4*q - 34. Suppose 28 = -0*i + 2*i. Calculate the remainder when c is divided by i.
11
Suppose 3*g - 15 - 33 = 0. Calculate the rem